19.
7, 157, 1381
What are the prime factors of 2050065?
3, 5, 45557
What are the prime factors of 121708?
2, 30427
List the prime factors of 2272465.
5, 13, 34961
What are the prime factors of 165372?
2, 3, 13781
List the prime factors of 12292844.
2, 103, 29837
List the prime factors of 27198210.
2, 3, 5, 13, 69739
What are the prime factors of 18951303?
3, 7, 19, 47497
List the prime factors of 239162.
2, 7, 11, 1553
List the prime factors of 872607.
3, 290869
List the prime factors of 27775736.
2, 29, 119723
List the prime factors of 4751338.
2, 503, 4723
List the prime factors of 1773611.
7, 29, 8737
What are the prime factors of 760566?
2, 3, 126761
List the prime factors of 33472262.
2, 19, 67, 13147
What are the prime factors of 12529745?
5, 739, 3391
List the prime factors of 27619.
71, 389
List the prime factors of 766484.
2, 191621
What are the prime factors of 512919?
3, 11, 157
What are the prime factors of 1616278?
2, 31, 131, 199
List the prime factors of 10791170.
2, 5, 13, 83009
List the prime factors of 6295625.
5, 7, 1439
List the prime factors of 18775635.
3, 5, 283, 4423
List the prime factors of 2331402.
2, 3, 388567
What are the prime factors of 10260672?
2, 3, 53441
List the prime factors of 827622.
2, 3, 45979
List the prime factors of 1245172.
2, 311293
List the prime factors of 34247.
23, 1489
List the prime factors of 2745728.
2, 19, 1129
List the prime factors of 387512.
2, 59, 821
List the prime factors of 168498.
2, 3, 11, 23, 37
List the prime factors of 3300070.
2, 5, 331, 997
What are the prime factors of 279316?
2, 69829
List the prime factors of 66615.
3, 5, 4441
What are the prime factors of 806379?
3, 7, 19, 43, 47
What are the prime factors of 268523?
263, 1021
List the prime factors of 368448.
2, 3, 19, 101
List the prime factors of 17675989.
17675989
What are the prime factors of 828093?
3, 7, 47, 839
List the prime factors of 2921404.
2, 263, 2777
What are the prime factors of 2492196?
2, 3, 7, 29669
What are the prime factors of 538891?
347, 1553
What are the prime factors of 1113733?
751, 1483
What are the prime factors of 6482879?
13, 41, 12163
List the prime factors of 206885.
5, 7, 23, 257
What are the prime factors of 194814?
2, 3, 79, 137
List the prime factors of 343601.
343601
List the prime factors of 322904.
2, 181, 223
What are the prime factors of 5004641?
43, 116387
List the prime factors of 3694570.
2, 5, 11, 33587
What are the prime factors of 416356?
2, 104089
What are the prime factors of 2390373?
3, 47, 5651
What are the prime factors of 1192418?
2, 596209
What are the prime factors of 716133?
3, 11, 21701
List the prime factors of 7148041.
17, 61, 113
List the prime factors of 423975.
3, 5, 5653
What are the prime factors of 116228?
2, 7, 593
List the prime factors of 942610.
2, 5, 94261
What are the prime factors of 1085598?
2, 3, 41, 1471
What are the prime factors of 85453?
85453
List the prime factors of 304358.
2, 31, 4909
What are the prime factors of 311883?
3, 11, 13, 727
List the prime factors of 781125.
3, 5, 2083
What are the prime factors of 669975?
3, 5, 8933
List the prime factors of 987943.
11, 19, 29, 163
What are the prime factors of 21789708?
2, 3, 1815809
List the prime factors of 1981680.
2, 3, 5, 23, 359
List the prime factors of 552165.
3, 5, 131, 281
List the prime factors of 1730027.
13, 73, 1823
List the prime factors of 8182158.
2, 3, 23, 211, 281
What are the prime factors of 1598410?
2, 5, 11, 1321
What are the prime factors of 13074224?
2, 17, 71, 677
What are the prime factors of 3027765?
3, 5, 13, 15527
What are the prime factors of 99996?
2, 3, 13, 641
List the prime factors of 1061058.
2, 3, 89, 1987
List the prime factors of 5056399.
197, 25667
List the prime factors of 18160755.
3, 5, 1210717
List the prime factors of 570129.
3, 7, 17, 1597
List the prime factors of 54124.
2, 7, 1933
What are the prime factors of 503902?
2, 7, 35993
List the prime factors of 6758357.
19, 67, 5309
What are the prime factors of 1373768?
2, 11, 67, 233
List the prime factors of 7450903.
619, 12037
What are the prime factors of 570132?
2, 3, 5279
What are the prime factors of 221447?
221447
What are the prime factors of 8164922?
2, 223, 18307
What are the prime factors of 2580?
2, 3, 5, 43
What are the prime factors of 235979?
235979
List the prime factors of 10501167.
3, 19, 184231
What are the prime factors of 1185397?
23, 51539
List the prime factors of 160818.
2, 3, 7, 547
List the prime factors of 496654.
2, 29, 8563
List the prime factors of 2237863.
17, 131639
What are the prime factors of 727217?
41, 17737
What are the prime factors of 998031?
3, 277, 1201
What are the prime factors of 1329782?
2, 664891
List the prime factors of 1200484.
2, 29, 79, 131
What are the prime factors of 876804?
2, 3, 31, 2357
What are the prime factors of 24994553?
47, 531799
What are the prime factors of 1561538?
2, 11, 70979
List the prime factors of 5837483.
1033, 5651
List the prime factors of 1245288.
2, 3, 11, 53, 89
List the prime factors of 325026.
2, 3, 13, 463
List the prime factors of 910957.
910957
What are the prime factors of 6767060?
2, 5, 23, 47, 313
What are the prime factors of 3920229?
3, 31, 14051
What are the prime factors of 888089?
397, 2237
List the prime factors of 791817.
3, 13, 79, 257
List the prime factors of 204114.
2, 3, 34019
What are the prime factors of 569481?
3, 11, 17257
List the prime factors of 1408170.
2, 3, 5, 73, 643
List the prime factors of 899184.
2, 3, 11, 13, 131
What are the prime factors of 63985?
5, 67, 191
List the prime factors of 2885117.
61, 47297
List the prime factors of 12902663.
12902663
List the prime factors of 31528696.
2, 739, 5333
What are the prime factors of 279106?
2, 17, 8209
List the prime factors of 2205134.
2, 1102567
What are the prime factors of 642882?
2, 3, 109, 983
What are the prime factors of 12258135?
3, 5, 19, 59
What are the prime factors of 10977120?
2, 3, 5, 7, 11
List the prime factors of 13208269.
17, 47, 61, 271
List the prime factors of 233289.
3, 7, 23
What are the prime factors of 1460410?
2, 5, 7, 31, 673
List the prime factors of 454222.
2, 227111
List the prime factors of 9860723.
9860723
What are the prime factors of 1292217?
3, 430739
List the prime factors of 747387.
3, 9227
List the prime factors of 129886.
2, 101, 643
What are the prime factors of 28583?
101, 283
List the prime factors of 3383639.
7, 483377
List the prime factors of 23922003.
3, 7, 1139143
List the prime factors of 322436.
2, 149, 541
List the prime factors of 2979376.
2, 186211
List the prime factors of 8707086.
2, 3, 483727
What are the prime factors of 1863304?
2, 89, 2617
List the prime factors of 2979391.
2979391
List the prime factors of 9612947.
967, 9941
What are the prime factors of 13034135?
5, 103, 25309
List the prime factors of 7676299.
17, 451547
What are the prime factors of 589628?
2, 13, 17, 23, 29
List the prime factors of 462653.
462653
List the prime factors of 2483226.
2, 3, 137957
List the prime factors of 2010028.
2, 502507
What are the prime factors of 737084?
2, 184271
What are the prime factors of 3501383?
503, 6961
What are the prime factors of 1891079?
277, 6827
List the prime factors of 29866.
2, 109, 137
What are the prime factors of 608470?
2, 5, 71, 857
List the prime factors of 633516.
2, 3, 13, 31, 131
List the prime factors of 471978.
2, 3, 13, 2017
List the prime factors of 996502.
2, 13, 38327
List the prime factors of 39553.
37, 1069
List the prime factors of 1319.
1319
List the prime factors of 9063343.
2477, 3659
List the prime factors of 6894676.
2, 1723669
List the prime factors of 179964.
2, 3, 4999
What are the prime factors of 816096?
2, 3, 8501
List the prime factors of 3062615.
5, 367, 1669
List the prime factors of 236086.
2, 118043
List the prime factors of 629319.
3, 89, 2357
What are the prime factors of 3786685?
5, 7, 108191
List the prime factors of 1346400.
2, 3, 5, 11, 17
List the prime factors of 4423819.
1489, 2971
List the prime factors of 287018.
2, 143509
List the prime factors of 3024527.
11, 274957
What are the prime factors of 7907412?
2, 3, 71, 9281
List the prime factors of 4621867.
4621867
What are the prime factors of 245098?
2, 7, 41, 61
List the pri